 15*t = 18 + 327. Suppose t*v - 17*v = 7818. What is the thousands digit of v?
1
Suppose -19*j + 50 = -7. Suppose 200 = j*t + 5*v - 116, 0 = 4*v + 16. What is the tens digit of t?
1
Suppose -1090142 = -450*p + 1639108. What is the hundreds digit of p?
0
Let l be (-13090)/(-425) - 9/5. Let v(g) = 477*g**2 - 1. Let i be v(-1). Suppose -25*c + l*c = i. What is the hundreds digit of c?
1
Let y(n) = 55*n**2 + n - 56. Suppose x + 6 = -4*o + 16, 20 = 3*x + 2*o. What is the hundreds digit of y(x)?
9
Let v = 34032 - 18603. What is the units digit of v?
9
Let u be 3 - (3 + 3)/(-2)*-1. Suppose u = 3*n - 10 - 17. What is the hundreds digit of 1*6/27 + 1321/n?
1
Let j(y) = -2424*y - 3. Let p be j(1). Let r = -1716 - p. What is the units digit of r?
1
Let v(c) = 3*c**2 + 3 - 2 - 4*c + 5. Suppose 61*r = -156 - 95 - 54. What is the hundreds digit of v(r)?
1
Let b(p) = 7*p - 9. Let c(w) = -7*w + 9. Let a(h) = -5*b(h) - 6*c(h). Let q be a(7). Let j = -21 + q. What is the tens digit of j?
1
Let v(s) = -s**2 - 10*s - 2. Let t be v(-4). Let w = 26 - t. Suppose -2*y = -6 - w. What is the units digit of y?
5
What is the thousands digit of (25/10)/((69/(-141473))/((-18)/3))?
0
Let q be (-7)/(7/7) - -5. Let h(o) = -47*o**3 + 2*o**2 + 10*o + 16. What is the hundreds digit of h(q)?
3
Suppose -18 = 7*z + 24. What is the units digit of 8/z*(-5859)/18?
4
Let d = -32 + 63. Let g = 37 - d. Suppose -162 = g*a - 7*a. What is the tens digit of a?
6
Suppose 66640 = 19672*m - 19668*m. What is the hundreds digit of m?
6
Suppose 0 = 9*z - 23 - 4. Suppose z*t + 2*l = 4*l - 14, 5*l - 5 = 0. Let y(x) = -x**3 - 2*x**2 + 7*x + 5. What is the units digit of y(t)?
9
Suppose 629 = -4*g + u - 4*u, 4*u - 478 = 3*g. Let t = 234 - g. Suppose -j + 3*j = t. What is the hundreds digit of j?
1
Suppose -3*d + 5*i + 110867 = 0, -36930 = -157*d + 156*d - 2*i. What is the thousands digit of d?
6
Suppose -1036049 = 10*v + 24*v - 2754749. What is the hundreds digit of v?
5
Suppose 30479 = 2*u + 5*g, 3*u + 79*g - 45781 = 84*g. What is the tens digit of u?
5
Let c(q) = -62*q + 16. Let w be c(-7). Let p be (2 + 2 + -1)*70/30. Suppose p*v - w = 2*v. What is the tens digit of v?
9
Suppose 6*c - 3864 = 12*c. Let x = -236 - c. Suppose 3*y + 4*a = 335, 2*a - 155 = -5*y + x. What is the hundreds digit of y?
1
Let k be (-1 - 1/(-4)) + 15696/(-64). Let v be ((-143)/3)/(6/18). Let r = v - k. What is the units digit of r?
3
Suppose 7*s + 5*y + 15 = 6*s, -2*s - y + 6 = 0. Suppose 8 = c - 7. Suppose 0*f - c = s*f, -l + 212 = 3*f. What is the units digit of l?
1
What is the thousands digit of ((-560)/(-3)*(-6)/15)/(2/(-105))?
3
Let x(c) be the third derivative of 17*c**4/12 - 4*c**3/3 + 2*c**2. Suppose 3*o = 5*t - 16, -2*t + 5*o + 13 + 1 = 0. What is the units digit of x(t)?
0
Suppose -5*w - 25 = -2*d, d + 3*w + 22 = 7. Suppose d = -3*z + 4*z - 2*s - 259, -2*z + 3*s = -522. What is the units digit of z?
7
Let l = -45 + 75. Let t = 30 - l. Suppose -4*d - 28 + 336 = t. What is the tens digit of d?
7
Suppose -2*f + 10 = -3*b, 2*b + 25 = -b + 5*f. Suppose -3*j - 2*j = b. Suppose j = y - 37 - 73. What is the units digit of y?
0
Let q = -18440 + 26916. What is the tens digit of q?
7
Suppose -5*p - u = -217, -3*p - 3*u + 19 + 104 = 0. Let w = p + -42. Suppose d - 3*h - 106 = w*h, h - 366 = -3*d. What is the tens digit of d?
2
Let b(s) = -376*s - 6744. What is the ten thousands digit of b(-70)?
1
Let v be (-15)/((-6)/(-149)*(-4)/16). Suppose 4*q + w + 4*w = 5988, -q - 3*w = -v. What is the thousands digit of q?
1
Let h be (0 - (-4)/(-10)) + (-11257)/(-5). Suppose 15*t = h + 809. What is the hundreds digit of t?
2
Let c(n) be the first derivative of 113*n**2/2 - 53*n - 34. Let a be c(11). Suppose 0*s - a = -14*s. What is the units digit of s?
5
Let z = 92885 - 15369. What is the tens digit of z?
1
Let h = -245 - -61. Let v = 196 - h. What is the units digit of v?
0
Let f(q) = 6*q**2 - 4*q + 20. Let j be f(5). Suppose r = 3*p - 112, 4*p + r + j = 8*p. What is the units digit of p?
8
Let f = -225 + 3226. What is the units digit of f?
1
Let l be (-1*(6 + -12))/2. What is the tens digit of (-15)/(-3*l/120)?
0
Let r(m) = 2*m - 206. Let g be r(-8). Suppose 0 = -4*l + 2 + 2. What is the tens digit of (g/(-18))/(l/6)?
7
Suppose 3*x - 4443 - 1153 = -2*k, 0 = -3*x - 5*k + 5584. Suppose -5*s + 3*i = -4649, 3*i - x = -4*s + 2*s. What is the units digit of s?
1
Let v(u) = -u**2 - u + 13. Let c be v(14). What is the hundreds digit of c/(9 - (-184)/(-20))?
9
Suppose 4*b = 4*v - 112, 5*b + 5*v = 4*v - 128. Suppose 29*n - 15*n + 23*n - 3663 = 0. Let o = b + n. What is the units digit of o?
3
Let u be ((-6)/4)/(27/252). What is the units digit of (-1574)/7*u/4?
7
Let v = -1883 - -4545. Suppose 2 = 2*q, 2*i - 3*q = -3*i + v. Suppose 5*b - i = -8*b. What is the units digit of b?
1
Let o = -1196 + 662. Let f = 202 - o. What is the hundreds digit of f?
7
Suppose 6755 + 6015 = 5*c. Let p = c - 1353. What is the tens digit of p?
0
Suppose 3*i - 5*x = 115603 + 3219, 0 = -2*i + 3*x + 79214. What is the ten thousands digit of i?
3
Let l = -13676 + 21187. What is the hundreds digit of l?
5
Let f(n) = -2*n**3 - 5*n**2 - n - 4. Suppose 0 = 5*x - 2*g - 2*g + 8, 3*g = 5*x + 11. Let t be f(x). Let o = t - 18. What is the tens digit of o?
3
Suppose -5*f - 5 = 5*d, 4*f + 2*d - 2 = -0*d. Suppose y - 69 = -f*y. Let p = -4 + y. What is the tens digit of p?
1
Let l be -20*((-66)/12 + 5). What is the hundreds digit of (0 - (-505)/l)*18?
9
Suppose 7*h = -2900 - 1552. Let p = h - -2185. What is the units digit of p?
9
Let b(h) = -h**2 - 8*h - 7. Let f be b(-6). Suppose 0 = -f*i + l + 4991, 0*l = -i + 4*l + 983. Suppose 0 = -13*y + i + 1081. What is the units digit of y?
0
Suppose -3936 = -x + c, 3*x + 5*c - 2*c = 11832. Suppose 0 = -3*j - 1129 + x. What is the units digit of j?
7
Suppose -13374 = -h + 66*n - 68*n, -4*h + 53516 = 3*n. What is the hundreds digit of h?
3
Suppose 5*z - 2*o = 10, -3*z + 2*z - 4*o = -2. Suppose 5*n - 3*l - 27 = z*n, -3*n + 3 = 3*l. Let g(t) = 21*t + 34. What is the hundreds digit of g(n)?
1
Let o = -21 + 23. Suppose -o*l = 3*l. Suppose l = c + 4*p - 159, 0 = -c + 3*p - 6*p + 155. What is the units digit of c?
3
Let c(x) = 35*x - 6. Let m be 10 - 9/(-3) - -4. What is the units digit of c(m)?
9
Let s(p) = -3*p - 8*p**2 + 5*p**2 - 11*p**3 - 7*p**2 - 4*p**2 - 6. What is the tens digit of s(-4)?
8
Let d = 328 + -156. Suppose -6*u + 28 = d. What is the tens digit of -6*(506/u + 3/4)?
2
Let a(d) = -d**3 - 2*d**2 + 2*d + 41. Let v be a(0). Suppose -v*n + 36*n + 1350 = 0. What is the hundreds digit of n?
2
Let m = 641 - 623. Suppose 0 = 15*f - m*f - 3*p + 5367, -p = -2*f + 3590. What is the tens digit of f?
9
Let f be 279/4 + (-45)/(-20) + -3. Let w = f - 94. What is the units digit of ((-164)/5)/(10/w)?
2
Let g = 130 - 115. Suppose 2*u - 1 = -2*c - 15, u + 3*c + g = 0. Let m(z) = -8*z**3 - 2*z**2 - 6*z - 2. What is the hundreds digit of m(u)?
2
Let t(g) = -297*g + 3078. What is the tens digit of t(-39)?
6
Suppose -6*d + 5 + 13 = 0. Let x be -3 - (290/(-40) + d/(-4)). Suppose x*p + 215 = 5*n, -4*n + 2*p + 178 = -0*p. What is the tens digit of n?
4
Suppose -5*x + s = 3*s - 4586, 3*x - 2763 = -5*s. Let r = x - 469. What is the tens digit of r?
4
What is the units digit of (-862)/(125/(-30) - -4)?
2
Let c = -436 + 440. Let v = 6 - 3. Suppose 4*r - 240 = -5*a, c*a - a = -v*r + 144. What is the units digit of a?
8
Let h(g) = 21*g. Let c be h(-4). Let f = -2050 - -2015. Let i = f - c. What is the tens digit of i?
4
Let k(c) = c**3 - 9*c**2 - 5*c - 8. Let l be k(10). Suppose 11*u + l = 537. What is the tens digit of u?
4
Let h = -4 + 8. Let b(z) = 7*z**3 + 2*z**2 + 4*z. Let l be b(h). Suppose l = 10*v - 34. What is the tens digit of v?
5
Let b be -5*(-90 - (0 - -5)). Suppose z - 577 = 3*c, b = -5*z + 4*c + 3349. What is the tens digit of z?
7
Suppose 3*z = 3*q + 33, -2*z - 4*q + 4 = -12. What is the units digit of (4 + z + -23)*607/(-3)?
1
Let n(b) = 77*b. Let v(g) = -386*g + 1. Suppose -14*u = -12*u - 4. Let l(a) = u*v(a) + 11*n(a). What is the tens digit of l(4)?
0
What is the units digit of (-15)/3 + -1 + 10 - -4498?
2
Let v = -468 - -472. Suppose -21*d - 362 = -22*d + z, v*z + 1084 = 3*d. What is the tens digit of d?
6
Suppose -3*r + 4*p = -20, 0 =